+ 1. Calculate y(w).
-3
Let k = 117 + -114. Suppose -11 = 3*x + 5*h, 3*x = -2*x + 2*h + 23. Let o(c) = c**3 - 3*c**3 - 2*c**2 + c**2 + 6 - c + k*c**x. Give o(0).
6
Let s(u) = u**2 + 6*u + 7. Let c be 0*(-1)/4 + 10. Suppose -c = l - 2*d + 7*d, -2*d = 4*l + 22. What is s(l)?
2
Suppose 0 = -2*c + z - 3*z - 4, 4*z = -3*c - 6. Let a be 2 + (-3 + 0 - c). Let b(r) = a - 5*r - 4*r - 5 + 8*r. Calculate b(-5).
1
Let p(h) be the third derivative of -h**5/30 + h**4/24 - 2*h**3/3 - 18*h**2. What is p(3)?
-19
Let r(j) be the first derivative of -j**3/3 - 9*j**2/2 + j - 326. What is r(-9)?
1
Let j(u) = -u**2 - 5*u + 6. Suppose -139 + 187 = 12*r. What is j(r)?
-30
Let j(l) = -3*l**3 + 2*l**2 - l. Let v be j(1). Let k(b) = b + 12. Let p be k(-10). Let z(a) = 10*a - 2*a**p - 2 + 2*a**2 + a**3 - 13*a. Calculate z(v).
-4
Let k(s) = -9 + 34*s**3 - 68*s**3 + 35*s**3 - 4*s + 9*s**2. What is k(-9)?
27
Let j(v) = 6*v + 2. Suppose 10 = -3*r + 2*f - 3, 0 = -4*r + 2*f - 16. Give j(r).
-16
Let k(i) = -i**3 - 14*i**2 - 15*i + 5. Let d(f) = -3*f**2 + f + 3. Let a(u) = d(u) + k(u). Determine a(-16).
-24
Let b(t) = -t**2 + 4*t + 2. Let q be 93/(-12) + (-1)/4. Let k be 36/2 - (-6 - q). Suppose -3*o = o - k. Calculate b(o).
2
Let t = -4679/12 + 390. Let k(w) be the second derivative of -5/6*w**3 - 2*w + 3*w**2 + 0 - t*w**4. Determine k(-5).
6
Let g(h) = -h**3 + 10*h**2 - 3*h + 12. Let d be g(10). Let m be 418/99 - (-4)/d. Let n be (-8 + m)*(2 + -1). Let t(l) = -l**3 - 4*l**2 + l - 2. Determine t(n).
-6
Let j(r) be the third derivative of -r**5/60 + r**4/24 - r**3/6 - 2*r**2 + 560*r. What is j(0)?
-1
Let z(h) = -2*h**3 + 26*h**2 + 30*h - 35. Let d(i) = i**3 - 13*i**2 - 15*i + 17. Let r(n) = 7*d(n) + 3*z(n). Determine r(14).
0
Let t be 26 - (-7)/((-14)/4). Suppose -4*q = -t - 0. Let p(s) = -6*s + 1 + 0 - q*s + 2*s. Calculate p(1).
-9
Let v(m) = 9*m - 4*m - 6*m - 11 + 7 - 3. Suppose -5*j = 3*q - 0*q + 8, -5*j + 40 = -5*q. Give v(q).
-1
Let l = -9 - -15. Let s(u) = -u**3 + 7*u**2 - 6*u + 4. Let a be s(l). Let q(f) = 0*f + 5 + 0*f - f - 5*f**2 + 2*f + f**3. Determine q(a).
-7
Let n(r) be the second derivative of -r**5/20 + 2*r**4/3 + 11*r**3/6 - 2*r**2 + 83*r. Determine n(9).
14
Let m(y) = 2*y**2 + 16*y - 17. Let r(j) = -3*j**2 - 24*j + 25. Let a(f) = -8*m(f) - 5*r(f). Suppose 0 = -k + 2*n - 3, -k = 4*k - n + 42. Determine a(k).
2
Let s(h) = 2*h**2 + 0*h**2 + 383 - 384. Suppose -2*l - k + 0 = 16, -2*l - 4*k - 16 = 0. Let t(n) = -n - 7. Let a be t(l). Give s(a).
1
Suppose 4*v + 2*a + 20 = 4, 5*v - 4*a = -33. Let r(q) = 2*q + q**3 + 5*q**2 + 4 - q**2 - 6*q. Give r(v).
-1
Let h be (1 + 1)*1 - 29/(-58). Let k(z) be the second derivative of 5/6*z**3 + 0 + 1/12*z**4 + 4*z + h*z**2. Determine k(-5).
5
Let d(v) = v**2 - 3*v - 4. Suppose 4*w = -2*i + 9 + 1, 5 = 4*w + 3*i. Suppose -w*k - 7 = 58. Let m = k + 16. Calculate d(m).
-4
Let n(w) = -w - 6. Let x be n(-6). Let r(c) = -c + 2 - 43*c**2 + 20*c**2 + 22*c**2. Give r(x).
2
Let p(m) = 7*m**3 + 1. Let q be 166/8 - 3/4. Let o be (14/(-35))/((-2)/q). Suppose 3*x = 4*z + 13, 2*x - 2*z - 10 = o*x. What is p(x)?
-6
Let g(c) = -99 - 116 + 3*c + 230. What is g(-6)?
-3
Let u(n) = -n**2 - 7*n - 1. Suppose -63 = 6*t - 33. Calculate u(t).
9
Let z(n) be the third derivative of n**5/60 - n**4/8 - n**3/3 - 43*n**2. Give z(6).
16
Let v be (2 - -1) + -3 + -2. Let u(a) = 7*a**3 + 7*a**2 + 9. Let j(y) = y**3 + y**2 + 2. Let z(b) = -5*j(b) + u(b). Give z(v).
-9
Let j(x) = -x**2 + 9*x - 7. Let m(p) = -p**3 - 25*p**2 - 23*p + 31. Let u(k) = 2*k**2 - 20*k + 8. Let a be u(8). Let c be m(a). What is j(c)?
7
Suppose 3*h - 1 = 8. Let v(l) = -l**2 + 2*l + 2 + h*l + 3. Let j be -6*(-12)/8 - (0 + 3). What is v(j)?
-1
Let w(b) be the third derivative of b**6/120 + b**5/10 + b**4/6 - 7*b**3/6 - 416*b**2. Calculate w(-5).
-2
Let h(a) = 14 - 33*a + 34*a - 56 + 28. Give h(-7).
-21
Suppose -5*l - x + 11 = -8, -3*x + 18 = 2*l. Suppose 37 = l*h + 67. Let u(f) = -f - 3. Give u(h).
7
Let n(r) = r**2 + 2*r - 8. Let s be n(-4). Let d(g) = -g**2 + 2*g + 5. Let w be d(s). Let c(o) = 10*o - 5*o - o**2 - 4 + 6 + 5. Determine c(w).
7
Let s(z) = -z**2. Let l be 16/(-48) + (-22)/6. Let y(o) = 2*o**2 + 1. Let v(i) = l*s(i) - y(i). What is v(2)?
7
Let m(h) = -14*h**2 + 154*h. Let r(u) = -7*u**2 + 84*u. Let j(g) = 6*m(g) - 11*r(g). Suppose -5*w = 2*f + 12, -3*f = -5*w - 4 - 3. What is j(f)?
-7
Let o(g) = -g**2 + 2296 - 1151 + 3*g - 1128 + 0*g. Give o(5).
7
Let f = 6 - 4. Let x(g) = g**2 - 7. Let a(b) = -6 + 15 - 6 - 2. Let m(q) = 21*a(q) + 3*x(q). Give m(f).
12
Let h be (-4)/6*3600/(-160). Let n(v) = -v**3 + 15*v**2 + v - 19. Determine n(h).
-4
Let m(c) be the third derivative of 1/3*c**3 + c**2 + 0*c + 0 - 1/24*c**4. Suppose -2*p - 5*d = 4 + 5, -d = 3. Determine m(p).
-1
Let p(b) = b**2 + b. Suppose -3*u + 78 = 10*u. Give p(u).
42
Let s(x) = -31*x - 6*x - 30*x - 31 + 66*x. Determine s(-24).
-7
Suppose -5*d = -0*y + 5*y + 20, 3*y - 8 = d. Let w(x) be the first derivative of x**3/3 + 2*x**2 + 2*x + 72. What is w(d)?
7
Let g(z) = z + 21. Suppose 20*o = 32*o. What is g(o)?
21
Let x(q) = q**2 + 4*q + 3. Let i be x(-4). Suppose -4*s + 6 = 30. Let d(g) = -9*g - 10. Let t(v) = -v - 2. Let h(l) = s*t(l) + d(l). Give h(i).
-7
Let m = 142 - 82. Suppose -2*q = 7*x - 4*x - m, 0 = -5*q. Let g(s) = 6*s + s**2 + 20 - x. What is g(-6)?
0
Let a = 3 - 9. Suppose 117 = 5*o - 2*o. Let m(z) = 9 - 50*z + 98*z - o*z + z**2 - 2. Determine m(a).
-11
Suppose 5*n = 12*n - 21. Suppose 0 = -4*i - 13 - n. Let m(w) be the third derivative of -w**5/60 - 5*w**4/24 - w**3/2 + 2*w**2. What is m(i)?
1
Let w(z) = -3*z. Suppose -9*g - 4 = -5*g. Suppose 231 = -4*c - t - 2*t, -2*c = -2*t + 126. Let m be 135/c - g/4. Determine w(m).
6
Let m(d) be the third derivative of 19*d**5/60 - 4*d**2. Suppose 0 = 18*b - 70 + 88. Calculate m(b).
19
Let v(f) be the second derivative of -5*f**3/3 + f**2/2 + 17*f. Let k(m) = 11*m - 1. Let g(a) = 5*k(a) + 6*v(a). Determine g(-1).
6
Let h(i) = -i**3 + 3*i**2 + i + 6. Let l be h(4). Let b be (-5 + 7)/(l/15). Let p(s) = -s**3 - 5*s**2 + 2*s + 3. What is p(b)?
-7
Let i(v) = -v**3 - 3*v**2 + 4*v + 6. Let m = -72 - -72. Suppose m = -25*c + 29*c + 16. Give i(c).
6
Let o(m) = -2*m**2 + 15*m - 5. Let z = -2500 + 2507. Give o(z).
2
Let k = -6 + 10. Let h(y) = -y + 2. Determine h(k).
-2
Let l(f) = f**2 + 4*f + 11. Let j be l(-5). Suppose 18*y = j*y - 10. Let k(m) = m**3 + 6*m**2 + 7*m + 6. What is k(y)?
-4
Let l(d) = -d**3 + 9*d**2 - d + 15. Let f be l(9). Let c(v) = 3*v - f - 7 + 6 + 3. Calculate c(3).
5
Let i(r) = r**2 + 4*r + 2. Let j be i(-4). Let z(v) = -v**2 + v**2 + 0*v**j - v + 2*v**3 + 1. Give z(-2).
-13
Suppose 3*q - y + 4*y + 36 = 0, q = 3*y - 4. Let o be 0 + q/6 - 6/(-9). Let i(s) = -3*s**3 - s**2 - 2*s - 1. Calculate i(o).
3
Let u(i) = 5*i + 4. Let p be u(-3). Let o be 2*(-1)/(-2)*114/(-19). Let d = p - o. Let r(h) = h + 5. What is r(d)?
0
Let o(t) = -3*t**2 + 12*t + 7. Let l(g) = -36*g**2 + 144*g + 4. Let s be l(4). Calculate o(s).
7
Let q(d) = 13*d + 55. Let k(c) = -5*c - 19. Let t(y) = 17*k(y) + 6*q(y). Calculate t(5).
-28
Let g be 2*4/(-8)*-2. Let a(s) = -s + 7 + 4*s**3 + 2*s**2 + 4*s - 4 - g*s**3. Calculate a(-2).
-11
Let i be (-1 + -7 - -6)*3/(-2). Let t(y) = -y**2 + 8*y + 14*y**i - 13*y**3 - 9 - 6*y**2. Suppose 3*q = o - 4*o + 21, 2*o - 15 = -3*q. Give t(o).
3
Suppose 4*j - 25 + 1 = 0. Let z be (-75)/27 + j/(-27). Let m(n) be the third derivative of -n**6/120 - n**5/15 + n**3/2 - n**2. What is m(z)?
-6
Let o(c) = c**3 - 11*c**2 - 5*c + 9. Let m(k) = k**2 + k - 1. Let d(b) = 4*m(b) + o(b). Let p = 42 + -35. What is d(p)?
-2
Let q(w) = 354*w - 37. Let r(p) = 85*p - 9. Let t(n) = -6*q(n) + 25*r(n). Let v = 13 - 19. Calculate t(v).
-9
Let v(x) = -x**3 - 35*x**2 + 114*x - 1. Let h be v(-38). Let g(r) = 17*r - 1. Give g(h).
-18
Let k(g) be the third derivative of -7/6*g**3 + 0*g + 19*g**2 + 0 - 1/60*g**5 - 3/8*g**4. Determine k(-8).
1
Let u(y) = -3*y**2 + 40*y - 4. Let c be u(13). Let a(i) = i**3 - 9*i**2 - 3*i + 10. What is a(c)?
-17
Let m(t) = -13052*t - 5*t**3 + 4*t**3 - 22 - 10*t**2 + 13067*t - 5*t**2. Calculate m(-16).
-6
Let h(f) = -f**3 + 5*f**2 - 2*f + 2. Suppose 5*t - 5*w = 42 + 153, 5*t + 2*w - 167 = 0. Suppose 2*d + 1 = 2*i - 5, t = 5*i + 5*d. Calculate h(i).
-8
Let u(x) be the t